{"id":6706,"date":"2023-08-09T06:27:25","date_gmt":"2023-08-09T06:27:25","guid":{"rendered":"https:\/\/uhsk.org\/2025en\/?page_id=6706"},"modified":"2025-07-22T10:19:18","modified_gmt":"2025-07-22T10:19:18","slug":"submission-rules","status":"publish","type":"page","link":"https:\/\/uhsk.org\/2025en\/submission-rules\/","title":{"rendered":"Submission Rules"},"content":{"rendered":"<div class=\"wpb-content-wrapper\"><p>[vc_row][vc_column][vc_empty_space height=&#8221;50px&#8221;][\/vc_column][\/vc_row][vc_row full_width=&#8221;stretch_row&#8221; wrap_container=&#8221;yes&#8221; conditional_render=&#8221;%5B%7B%22value_role%22%3A%22administrator%22%7D%5D&#8221;][vc_column][vc_tta_tour style=&#8221;modern&#8221; spacing=&#8221;&#8221; controls_size=&#8221;md&#8221; active_section=&#8221;1&#8243; no_fill_content_area=&#8221;true&#8221;][vc_tta_section title=&#8221;GENERAL RULES FOR SUBMISSIONS&#8221; tab_id=&#8221;1691566049555-07ffce7b-8332&#8243;][vc_custom_heading text=&#8221;GENERAL RULES FOR SUBMISSIONS&#8221; font_container=&#8221;tag:h2|text_align:left|color:%23002B5B&#8221; use_theme_fonts=&#8221;yes&#8221; css=&#8221;&#8221; font_weight=&#8221;600&#8243; show_border=&#8221;yes&#8221; border_skin=&#8221;primary&#8221;][vc_column_text css=&#8221;&#8221;]<\/p>\n<ul>\n<li><strong style=\"color: darkred;\">Submissions will be accepted after referee evaluation, and all accepted Submissions will be presented ORALLY at the Congress.<\/strong><\/li>\n<li>All Submission presentations must be made using the Online Submission presentation System on the congress web page. Submissions sent by e-mail or mail\/cargo will not be evaluated.<\/li>\n<li>Submissions presented at the congress will be published in the e-Congress Book with ISBN.<\/li>\n<li>In order for the accepted Submission to be included in the Congress Book, the Submission must be presented at the congress and at least one of the authors of the Submission must register for the congress.<\/li>\n<li>Submissions can be submitted in Turkish or English. Both Turkish and English Submissions should be carefully prepared in terms of grammar, clarity and spelling. Submissions that are problematic in this regard or in which the suggested corrections are not made will not be accepted.<\/li>\n<li>Submissions must be compatible with the \u201cCongress Topics\u201d published on the Congress web page. Submissions that are not compatible with the \u201cCongress Topics\u201d will not be accepted for presentation at the congress.<\/li>\n<li>The submissions that are first evaluated by the editor will be evaluated as double-blind review by the referees in the Scientific Committee.<\/li>\n<li>Each submission will be evaluated by two referees. In case of incompatible evaluation reports, additional referees may be appointed.<\/li>\n<li>Whether the submitted Submissions will be accepted or not will be decided by the Editorial Board after the referee evaluation. The corresponding author will be notified by e-mail whether the submission has been accepted or not.<\/li>\n<li>The evaluation process can be monitored by the person registered in the Submission Presentation system through the Submission system on the congress web page. In addition, when the Submission is uploaded to the system, when re-editing is requested, when the Submission is accepted or rejected for presentation at the congress, notifications will be sent to the owner of the Submission by e-mail. Therefore, it is recommended to check the e-mail and spam e-mails from time to time.<\/li>\n<li>Submissions which are in <strong>\u201cOriginal Research\u201d<\/strong> category will be uploaded only as ABSTRACT and will be published as <strong>ABSTRACT<\/strong> in the congress proceedings.<\/li>\n<li><strong>\u201cField Practices and Experiences\u201d, \u201cPolicy Evaluations\u201d and \u201cEvaluations Related to the Main Theme of the Congress (Resilient Systems, Healthy Society)\u201d<\/strong> must be uploaded as <strong>FULL TEXT.<\/strong><\/li>\n<li>Ethics Committee approval must be obtained for original research Submissions on humans or animals. The Ethics Committee approval status of the study, the Ethics Committee from which approval was obtained, and the date and number of the Ethics Committee approval should be specified. Ethics Committee approval document may be requested by the editor when necessary. In studies that do not require Ethics Committee approval, this situation should be explained with justifications (such as studies in which publicly available data are evaluated).<\/li>\n<li>It should be stated whether any financial support has been received and whether there is a conflict of interest.<\/li>\n<li>If the Submission has been accepted for publication in a scientific journal or prepared from a published article, the title of the article should be specified during the application.<\/li>\n<li>If the study subject to the Submission has been previously presented at another congress, the title of the Submission presented should be indicated during the application.<\/li>\n<li>Submissions sponsored or funded by organizations that harm health such as tobacco or arms industry will not be accepted.<\/li>\n<\/ul>\n<p>[\/vc_column_text][\/vc_tta_section][vc_tta_section title=&#8221;TYPES OF SUBMISSIONS&#8221; tab_id=&#8221;1691585133929-f89d3eee-79ab&#8221;][vc_custom_heading text=&#8221;TYPES OF SUBMISSIONS&#8221; font_container=&#8221;tag:h2|text_align:left|color:%23002B5B&#8221; use_theme_fonts=&#8221;yes&#8221; css=&#8221;&#8221; font_weight=&#8221;600&#8243; show_border=&#8221;yes&#8221; border_skin=&#8221;primary&#8221;][vc_row_inner css=&#8221;.vc_custom_1751443826443{margin-top: 0px !important;border-radius: 10px !important;}&#8221;][vc_column_inner css=&#8221;.vc_custom_1751541344033{margin-top: 20px !important;background-color: #EDF1D5 !important;border-radius: 1px !important;}&#8221;][vc_custom_heading text=&#8221;Original Research&#8221; font_container=&#8221;tag:h3|text_align:left|color:%232D8CC8&#8243; use_theme_fonts=&#8221;yes&#8221; css=&#8221;.vc_custom_1751980166803{padding-top: 10px !important;padding-bottom: 10px !important;padding-left: 10px !important;}&#8221; font_weight=&#8221;600&#8243;][vc_column_text css=&#8221;&#8221;]These are quantitative or qualitative researches on congress topics. Original research submissions shall be uploaded to the system as\u00a0<strong>ABSTRACT<\/strong>\u00a0and published as ABSTRACT in the congress proceedings. Full Text should not be uploaded.[\/vc_column_text][\/vc_column_inner][\/vc_row_inner][vc_row_inner css=&#8221;.vc_custom_1691758262324{margin-top: 0px !important;margin-bottom: 0px !important;}&#8221;][vc_column_inner css=&#8221;.vc_custom_1691758256579{margin-top: 0px !important;margin-bottom: 0px !important;}&#8221;][vc_empty_space height=&#8221;5px&#8221; css=&#8221;.vc_custom_1691758273219{margin-top: 0px !important;margin-bottom: 0px !important;}&#8221;][\/vc_column_inner][\/vc_row_inner][vc_row_inner css=&#8221;.vc_custom_1751443833986{border-radius: 10px !important;}&#8221;][vc_column_inner css=&#8221;.vc_custom_1751541447263{margin-top: 25px !important;background-color: #D7F4D4 !important;border-radius: 1px !important;}&#8221;][vc_custom_heading text=&#8221;Other Than Orginal Research&#8221; font_container=&#8221;tag:h3|text_align:left|color:%232D8CC8&#8243; use_theme_fonts=&#8221;yes&#8221; css=&#8221;.vc_custom_1751980186972{padding-top: 10px !important;padding-bottom: 10px !important;padding-left: 10px !important;}&#8221; font_weight=&#8221;600&#8243;][vc_column_text css=&#8221;&#8221;]<\/p>\n<h5 style=\"color: #002b5b;\"><i class=\"fa fa-check-square\"><\/i>\u00a0\u00a0 Field Practices and Experiences<\/h5>\n<p>These are submissions that describe experiences related to new or unique practices carried out in the field and\/or make critical evaluations and discussions on existing practices, related to Public Health. It is obligatory that they are in <strong>FULL TEXT.<\/strong><\/p>\n<h5 style=\"color: #002b5b;\"><i class=\"fa fa-check-square\"><\/i>\u00a0\u00a0 Policy Assessments<\/h5>\n<p>These are submissions on a specific policy in the field of public health, which evaluate the current situation based on the literature, and address the relevant recommendations and research needs. It is obligatory that they are in <strong>FULL TEXT.<\/strong><\/p>\n<h5 style=\"color: #002b5b;\"><i class=\"fa fa-check-square\"><\/i>\u00a0\u00a0 Evaluations on the Main Theme of the Congress (Resilient Systems, Healthy Society)<\/h5>\n<p>These are the submissions (that evaluate the current situation based on the relevant literature and point out recommendations and research needs), which discuss the congress theme \u201cResilient Systems, Healthy Society\u201d excluding original research. It is obligatory that they are in <strong>FULL TEXT.<\/strong>[\/vc_column_text][\/vc_column_inner][\/vc_row_inner][\/vc_tta_section][vc_tta_section title=&#8221;AUTHOR GUIDELINES FOR ORIGINAL RESEARCH SUBMISSIONS&#8221; tab_id=&#8221;1691585169545-0572207a-7a9d&#8221;][vc_custom_heading text=&#8221;AUTHOR GUIDELINES FOR ORIGINAL RESEARCH SUBMISSIONS&#8221; font_container=&#8221;tag:h2|text_align:left|color:%23002B5B&#8221; use_theme_fonts=&#8221;yes&#8221; css=&#8221;&#8221; font_weight=&#8221;600&#8243; show_border=&#8221;yes&#8221; border_skin=&#8221;primary&#8221;][vc_column_text css=&#8221;&#8221;]<\/p>\n<ul>\n<li><strong>Submissions in Original Research Category will be uploaded as ABSTRACT. <\/strong><\/li>\n<li>Submissions belonging to studies conducted with quantitative research methods should be at least 1500, maximum 4000 characters (without spaces).<\/li>\n<li>Submissions that belong to studies conducted with qualitative research methods should be at least 1500, maximum 6250 characters (without spaces).<\/li>\n<li>The text of the submission should not contain pictures, tables, graphics, references.<\/li>\n<li>Authors shall be registered in the system according to the order of their names in the submission.<\/li>\n<li>Submissions should be prepared as a structured abstract and consist of the following sections. Each section must comply with the specified criteria:\n<ul>\n<li><strong>Title:<\/strong>\u00a0Title should be written in lower case letters except the first letter, reflect the content and method of the study, and should not exceed 100 characters with spaces.<\/li>\n<li><strong>Introduction and Objective:\u00a0<\/strong>Brief information about the subject of the study should be given and the importance and purpose of the study should be clearly stated.<\/li>\n<li><strong>Materials and Methods:<\/strong>\u00a0The type, place, time, population, sample size and sampling method, ethics committee approval status, supporting organization and financing, if any, data collection method, variables, statistical tests used in data analysis should be specified.<\/li>\n<li><strong>Findings:\u00a0<\/strong>The findings of the study should be presented clearly and concisely.<\/li>\n<li><strong>Conclusion:\u00a0<\/strong>The important results of the study, its contribution to existing knowledge, and conclusions and recommendations based on this should be included.<\/li>\n<li><strong>Keywords:<\/strong>\u00a0Minimum 3, maximum 5 words<\/li>\n<\/ul>\n<\/li>\n<li>References do not need to be written.<\/li>\n<\/ul>\n<p>[\/vc_column_text][\/vc_tta_section][vc_tta_section title=&#8221;AUTHOR GUIDELINES FOR SUBMISSIONS* OTHER THAN ORIGINAL RESEARCH&#8221; tab_id=&#8221;1691585269755-50358e32-3d2c&#8221;][vc_custom_heading text=&#8221;AUTHOR GUIDELINES FOR SUBMISSIONS*<br \/>\nOTHER THAN ORIGINAL RESEARCH&#8221; font_container=&#8221;tag:h2|text_align:left|color:%23002B5B&#8221; use_theme_fonts=&#8221;yes&#8221; css=&#8221;&#8221; font_weight=&#8221;600&#8243; show_border=&#8221;yes&#8221; border_skin=&#8221;primary&#8221;][vc_column_text css=&#8221;&#8221;]<\/p>\n<ul>\n<li><strong>Field Practices and Experiences<\/strong><\/li>\n<li><strong>Policy Assessments<\/strong><\/li>\n<li><strong><strong>Evaluations on the Main Theme of the Congress (Resilient Systems, Healthy Society)<\/strong><\/strong><\/li>\n<\/ul>\n<p>Submissions prepared in these three categories must adhere to the following rules;<\/p>\n<ul>\n<li><strong>It is obligatory that they are in FULL TEXT.<\/strong><\/li>\n<li><strong>FULL TEXT will be uploaded as a Word file (without author names and institutional information) in step 8 in the Submissions System. <\/strong><\/li>\n<li>The text of the submission may contain pictures, tables, graphics.<\/li>\n<li>It shall be at least 12 500 and at most 25 000 characters (without spaces) (including pictures, tables, graphics and references).<\/li>\n<li><strong>References shall be written.<\/strong> T\u00fcrkiye Halk Sa\u011fl\u0131\u011f\u0131 Dergisi (Turkish Journal of Public Health) referencing rules (<a href=\"https:\/\/dergipark.org.tr\/tr\/pub\/tjph\">https:\/\/dergipark.org.tr\/tr\/pub\/tjph<\/a>) must be used for citation and bibliography in the text. Full text submissions that do not comply with the author guidelines will not be included in the Congress Proceedings.<\/li>\n<\/ul>\n<p>[\/vc_column_text][\/vc_tta_section][vc_tta_section title=&#8221;ORAL PRESENTATION RULES&#8221; tab_id=&#8221;1691585370274-9901131f-1d2e&#8221;][vc_custom_heading text=&#8221;ORAL PRESENTATION RULES&#8221; font_container=&#8221;tag:h2|text_align:left|color:%23002B5B&#8221; use_theme_fonts=&#8221;yes&#8221; css=&#8221;&#8221; font_weight=&#8221;600&#8243; show_border=&#8221;yes&#8221; border_skin=&#8221;primary&#8221;][vc_column_text css=&#8221;&#8221;]<\/p>\n<ul>\n<li>Presentation time for oral presentations is 10 minutes (8 minutes presentation, 2 minutes discussion)<\/li>\n<li>It is recommended to prepare a maximum of 10-12 slides, including the cover, for the presentation.<\/li>\n<li>Do not forget to write the authors and the e-mail address of the responsible author under the title of the paper.<\/li>\n<\/ul>\n<p>[\/vc_column_text][\/vc_tta_section][\/vc_tta_tour][\/vc_column][\/vc_row][vc_row disable_element=&#8221;yes&#8221; conditional_render=&#8221;%5B%7B%22value_role%22%3A%22administrator%22%7D%5D&#8221;][vc_column width=&#8221;1\/3&#8243;][\/vc_column][vc_column width=&#8221;1\/3&#8243;][vc_column_text css=&#8221;.vc_custom_1751980084329{margin-bottom: 0px !important;}&#8221;]<\/p>\n<p style=\"text-align: center; font-size: 1.5em;\"><strong>Abstract Submission Submit<\/strong><\/p>\n<p>[\/vc_column_text][vc_single_image image=&#8221;6803&#8243; img_size=&#8221;full&#8221; alignment=&#8221;center&#8221; onclick=&#8221;custom_link&#8221; img_link_target=&#8221;_blank&#8221; css=&#8221;.vc_custom_1720722030186{margin-top: 5px !important;}&#8221; link=&#8221;https:\/\/www.abstractmodule.com\/2024uhsk\/?plng=tur&#8221;][\/vc_column][vc_column width=&#8221;1\/3&#8243;][\/vc_column][\/vc_row][vc_row][vc_column][vc_empty_space height=&#8221;50px&#8221;][\/vc_column][\/vc_row][vc_row css=&#8221;.vc_custom_1687512154628{margin-top: 0px !important;padding-top: 0px !important;background-color: #e5e5e5 !important;}&#8221; conditional_render=&#8221;%5B%7B%22value_role%22%3A%22administrator%22%7D%5D&#8221;][vc_column offset=&#8221;vc_hidden-xl vc_hidden-lg vc_hidden-md vc_hidden-sm&#8221; conditional_render=&#8221;%5B%7B%22value_role%22%3A%22administrator%22%7D%5D&#8221;][vc_column_text css=&#8221;&#8221;]<div class=\"porto-block\" data-id=\"8134\"><style>.vc_custom_1687512154628{margin-top: 0px !important;padding-top: 0px !important;background-color: #e5e5e5 !important;}.vc_custom_1720165871439{padding-bottom: 5px !important;}<\/style>[vc_row css=\".vc_custom_1687512154628{margin-top: 0px !important;padding-top: 0px !important;background-color: #e5e5e5 !important;}\" conditional_render=\"%5B%7B%22value_role%22%3A%22administrator%22%7D%5D\"][vc_column offset=\"vc_hidden-xl vc_hidden-lg vc_hidden-md vc_hidden-sm\" conditional_render=\"%5B%7B%22value_role%22%3A%22administrator%22%7D%5D\"][vc_row_inner css=\".vc_custom_1720165871439{padding-bottom: 5px !important;}\"][vc_column_inner width=\"1\/3\" offset=\"vc_col-xs-4\"][vc_single_image image=\"8481\" img_size=\"full\" alignment=\"center\" css=\"\"][\/vc_column_inner][vc_column_inner width=\"1\/3\" offset=\"vc_col-xs-4\"][vc_single_image image=\"8546\" img_size=\"150x36\" alignment=\"center\" css=\"\" label=\"\"][\/vc_column_inner][vc_column_inner width=\"1\/3\" offset=\"vc_col-xs-4\"][vc_single_image image=\"8463\" img_size=\"36x25\" alignment=\"center\" css=\"\"][\/vc_column_inner][\/vc_row_inner][\/vc_column][\/vc_row]<\/div>[\/vc_column_text][\/vc_column][\/vc_row]<\/p>\n<\/div>","protected":false},"excerpt":{"rendered":"<p>[vc_row][vc_column][vc_empty_space height=&#8221;50px&#8221;][\/vc_column][\/vc_row][vc_row full_width=&#8221;stretch_row&#8221; wrap_container=&#8221;yes&#8221; conditional_render=&#8221;%5B%7B%22value_role%22%3A%22administrator%22%7D%5D&#8221;][vc_column][vc_tta_tour style=&#8221;modern&#8221; spacing=&#8221;&#8221; controls_size=&#8221;md&#8221; active_section=&#8221;1&#8243; no_fill_content_area=&#8221;true&#8221;][vc_tta_section title=&#8221;GENERAL RULES FOR SUBMISSIONS&#8221; tab_id=&#8221;1691566049555-07ffce7b-8332&#8243;][vc_custom_heading text=&#8221;GENERAL RULES FOR SUBMISSIONS&#8221; font_container=&#8221;tag:h2|text_align:left|color:%23002B5B&#8221; use_theme_fonts=&#8221;yes&#8221; css=&#8221;&#8221; font_weight=&#8221;600&#8243; show_border=&#8221;yes&#8221; border_skin=&#8221;primary&#8221;][vc_column_text css=&#8221;&#8221;] Submissions will be accepted after referee evaluation, and all accepted Submissions will be presented ORALLY at the Congress. All Submission presentations must be made using the Online Submission presentation [&hellip;]<\/p>\n","protected":false},"author":1,"featured_media":0,"parent":0,"menu_order":0,"comment_status":"closed","ping_status":"closed","template":"","meta":{"footnotes":""},"class_list":["post-6706","page","type-page","status-publish","hentry"],"yoast_head":"<!-- This site is optimized with the Yoast SEO plugin v25.3 - https:\/\/yoast.com\/wordpress\/plugins\/seo\/ -->\n<title>Submission Rules - 9th International and 27th National Congress of Public Health<\/title>\n<meta name=\"robots\" content=\"index, follow, max-snippet:-1, max-image-preview:large, max-video-preview:-1\" \/>\n<link rel=\"canonical\" href=\"https:\/\/uhsk.org\/2025en\/submission-rules\/\" \/>\n<meta name=\"twitter:card\" content=\"summary_large_image\" \/>\n<meta name=\"twitter:title\" content=\"Submission Rules - 9th International and 27th National Congress of Public Health\" \/>\n<meta name=\"twitter:description\" content=\"[vc_row][vc_column][vc_empty_space height=&#8221;50px&#8221;][\/vc_column][\/vc_row][vc_row full_width=&#8221;stretch_row&#8221; wrap_container=&#8221;yes&#8221; conditional_render=&#8221;%5B%7B%22value_role%22%3A%22administrator%22%7D%5D&#8221;][vc_column][vc_tta_tour style=&#8221;modern&#8221; spacing=&#8221;&#8221; controls_size=&#8221;md&#8221; active_section=&#8221;1&#8243; no_fill_content_area=&#8221;true&#8221;][vc_tta_section title=&#8221;GENERAL RULES FOR SUBMISSIONS&#8221; tab_id=&#8221;1691566049555-07ffce7b-8332&#8243;][vc_custom_heading text=&#8221;GENERAL RULES FOR SUBMISSIONS&#8221; font_container=&#8221;tag:h2|text_align:left|color:%23002B5B&#8221; use_theme_fonts=&#8221;yes&#8221; css=&#8221;&#8221; font_weight=&#8221;600&#8243; show_border=&#8221;yes&#8221; border_skin=&#8221;primary&#8221;][vc_column_text css=&#8221;&#8221;] Submissions will be accepted after referee evaluation, and all accepted Submissions will be presented ORALLY at the Congress. All Submission presentations must be made using the Online Submission presentation [&hellip;]\" \/>\n<meta name=\"twitter:label1\" content=\"Tahmini okuma s\u00fcresi\" \/>\n\t<meta name=\"twitter:data1\" content=\"9 dakika\" \/>\n<script type=\"application\/ld+json\" class=\"yoast-schema-graph\">{\"@context\":\"https:\/\/schema.org\",\"@graph\":[{\"@type\":\"WebPage\",\"@id\":\"https:\/\/uhsk.org\/2025en\/submission-rules\/\",\"url\":\"https:\/\/uhsk.org\/2025en\/submission-rules\/\",\"name\":\"Submission Rules - 9th International and 27th National Congress of Public Health\",\"isPartOf\":{\"@id\":\"https:\/\/uhsk.org\/2025en\/#website\"},\"datePublished\":\"2023-08-09T06:27:25+00:00\",\"dateModified\":\"2025-07-22T10:19:18+00:00\",\"breadcrumb\":{\"@id\":\"https:\/\/uhsk.org\/2025en\/submission-rules\/#breadcrumb\"},\"inLanguage\":\"tr\",\"potentialAction\":[{\"@type\":\"ReadAction\",\"target\":[\"https:\/\/uhsk.org\/2025en\/submission-rules\/\"]}]},{\"@type\":\"BreadcrumbList\",\"@id\":\"https:\/\/uhsk.org\/2025en\/submission-rules\/#breadcrumb\",\"itemListElement\":[{\"@type\":\"ListItem\",\"position\":1,\"name\":\"Anasayfa\",\"item\":\"https:\/\/uhsk.org\/2025en\/\"},{\"@type\":\"ListItem\",\"position\":2,\"name\":\"Submission Rules\"}]},{\"@type\":\"WebSite\",\"@id\":\"https:\/\/uhsk.org\/2025en\/#website\",\"url\":\"https:\/\/uhsk.org\/2025en\/\",\"name\":\"8. Uluslararas\u0131 ve 26. Ulusal Halk Sa\u011fl\u0131\u011f\u0131 Kongresi\",\"description\":\"\",\"publisher\":{\"@id\":\"https:\/\/uhsk.org\/2025en\/#organization\"},\"potentialAction\":[{\"@type\":\"SearchAction\",\"target\":{\"@type\":\"EntryPoint\",\"urlTemplate\":\"https:\/\/uhsk.org\/2025en\/?s={search_term_string}\"},\"query-input\":{\"@type\":\"PropertyValueSpecification\",\"valueRequired\":true,\"valueName\":\"search_term_string\"}}],\"inLanguage\":\"tr\"},{\"@type\":\"Organization\",\"@id\":\"https:\/\/uhsk.org\/2025en\/#organization\",\"name\":\"8. Uluslararas\u0131 ve 26. Ulusal Halk Sa\u011fl\u0131\u011f\u0131 Kongresi\",\"url\":\"https:\/\/uhsk.org\/2025en\/\",\"logo\":{\"@type\":\"ImageObject\",\"inLanguage\":\"tr\",\"@id\":\"https:\/\/uhsk.org\/2025en\/#\/schema\/logo\/image\/\",\"url\":\"http:\/\/uhsk.org\/2025en\/wp-content\/uploads\/2024\/07\/non-profil.png\",\"contentUrl\":\"http:\/\/uhsk.org\/2025en\/wp-content\/uploads\/2024\/07\/non-profil.png\",\"width\":125,\"height\":164,\"caption\":\"8. Uluslararas\u0131 ve 26. Ulusal Halk Sa\u011fl\u0131\u011f\u0131 Kongresi\"},\"image\":{\"@id\":\"https:\/\/uhsk.org\/2025en\/#\/schema\/logo\/image\/\"}}]}<\/script>\n<!-- \/ Yoast SEO plugin. -->","yoast_head_json":{"title":"Submission Rules - 9th International and 27th National Congress of Public Health","robots":{"index":"index","follow":"follow","max-snippet":"max-snippet:-1","max-image-preview":"max-image-preview:large","max-video-preview":"max-video-preview:-1"},"canonical":"https:\/\/uhsk.org\/2025en\/submission-rules\/","twitter_card":"summary_large_image","twitter_title":"Submission Rules - 9th International and 27th National Congress of Public Health","twitter_description":"[vc_row][vc_column][vc_empty_space height=&#8221;50px&#8221;][\/vc_column][\/vc_row][vc_row full_width=&#8221;stretch_row&#8221; wrap_container=&#8221;yes&#8221; conditional_render=&#8221;%5B%7B%22value_role%22%3A%22administrator%22%7D%5D&#8221;][vc_column][vc_tta_tour style=&#8221;modern&#8221; spacing=&#8221;&#8221; controls_size=&#8221;md&#8221; active_section=&#8221;1&#8243; no_fill_content_area=&#8221;true&#8221;][vc_tta_section title=&#8221;GENERAL RULES FOR SUBMISSIONS&#8221; tab_id=&#8221;1691566049555-07ffce7b-8332&#8243;][vc_custom_heading text=&#8221;GENERAL RULES FOR SUBMISSIONS&#8221; font_container=&#8221;tag:h2|text_align:left|color:%23002B5B&#8221; use_theme_fonts=&#8221;yes&#8221; css=&#8221;&#8221; font_weight=&#8221;600&#8243; show_border=&#8221;yes&#8221; border_skin=&#8221;primary&#8221;][vc_column_text css=&#8221;&#8221;] Submissions will be accepted after referee evaluation, and all accepted Submissions will be presented ORALLY at the Congress. All Submission presentations must be made using the Online Submission presentation [&hellip;]","twitter_misc":{"Tahmini okuma s\u00fcresi":"9 dakika"},"schema":{"@context":"https:\/\/schema.org","@graph":[{"@type":"WebPage","@id":"https:\/\/uhsk.org\/2025en\/submission-rules\/","url":"https:\/\/uhsk.org\/2025en\/submission-rules\/","name":"Submission Rules - 9th International and 27th National Congress of Public Health","isPartOf":{"@id":"https:\/\/uhsk.org\/2025en\/#website"},"datePublished":"2023-08-09T06:27:25+00:00","dateModified":"2025-07-22T10:19:18+00:00","breadcrumb":{"@id":"https:\/\/uhsk.org\/2025en\/submission-rules\/#breadcrumb"},"inLanguage":"tr","potentialAction":[{"@type":"ReadAction","target":["https:\/\/uhsk.org\/2025en\/submission-rules\/"]}]},{"@type":"BreadcrumbList","@id":"https:\/\/uhsk.org\/2025en\/submission-rules\/#breadcrumb","itemListElement":[{"@type":"ListItem","position":1,"name":"Anasayfa","item":"https:\/\/uhsk.org\/2025en\/"},{"@type":"ListItem","position":2,"name":"Submission Rules"}]},{"@type":"WebSite","@id":"https:\/\/uhsk.org\/2025en\/#website","url":"https:\/\/uhsk.org\/2025en\/","name":"8. Uluslararas\u0131 ve 26. Ulusal Halk Sa\u011fl\u0131\u011f\u0131 Kongresi","description":"","publisher":{"@id":"https:\/\/uhsk.org\/2025en\/#organization"},"potentialAction":[{"@type":"SearchAction","target":{"@type":"EntryPoint","urlTemplate":"https:\/\/uhsk.org\/2025en\/?s={search_term_string}"},"query-input":{"@type":"PropertyValueSpecification","valueRequired":true,"valueName":"search_term_string"}}],"inLanguage":"tr"},{"@type":"Organization","@id":"https:\/\/uhsk.org\/2025en\/#organization","name":"8. Uluslararas\u0131 ve 26. Ulusal Halk Sa\u011fl\u0131\u011f\u0131 Kongresi","url":"https:\/\/uhsk.org\/2025en\/","logo":{"@type":"ImageObject","inLanguage":"tr","@id":"https:\/\/uhsk.org\/2025en\/#\/schema\/logo\/image\/","url":"http:\/\/uhsk.org\/2025en\/wp-content\/uploads\/2024\/07\/non-profil.png","contentUrl":"http:\/\/uhsk.org\/2025en\/wp-content\/uploads\/2024\/07\/non-profil.png","width":125,"height":164,"caption":"8. Uluslararas\u0131 ve 26. Ulusal Halk Sa\u011fl\u0131\u011f\u0131 Kongresi"},"image":{"@id":"https:\/\/uhsk.org\/2025en\/#\/schema\/logo\/image\/"}}]}},"_links":{"self":[{"href":"https:\/\/uhsk.org\/2025en\/wp-json\/wp\/v2\/pages\/6706","targetHints":{"allow":["GET"]}}],"collection":[{"href":"https:\/\/uhsk.org\/2025en\/wp-json\/wp\/v2\/pages"}],"about":[{"href":"https:\/\/uhsk.org\/2025en\/wp-json\/wp\/v2\/types\/page"}],"author":[{"embeddable":true,"href":"https:\/\/uhsk.org\/2025en\/wp-json\/wp\/v2\/users\/1"}],"replies":[{"embeddable":true,"href":"https:\/\/uhsk.org\/2025en\/wp-json\/wp\/v2\/comments?post=6706"}],"version-history":[{"count":64,"href":"https:\/\/uhsk.org\/2025en\/wp-json\/wp\/v2\/pages\/6706\/revisions"}],"predecessor-version":[{"id":8508,"href":"https:\/\/uhsk.org\/2025en\/wp-json\/wp\/v2\/pages\/6706\/revisions\/8508"}],"wp:attachment":[{"href":"https:\/\/uhsk.org\/2025en\/wp-json\/wp\/v2\/media?parent=6706"}],"curies":[{"name":"wp","href":"https:\/\/api.w.org\/{rel}","templated":true}]}}