{"id":5782,"date":"2023-06-19T17:59:39","date_gmt":"2023-06-19T17:59:39","guid":{"rendered":"https:\/\/uhsk.org\/2025\/?page_id=5782"},"modified":"2025-07-01T07:52:16","modified_gmt":"2025-07-01T07:52:16","slug":"davet","status":"publish","type":"page","link":"https:\/\/uhsk.org\/2025\/davet\/","title":{"rendered":"Davet"},"content":{"rendered":"<div class=\"wpb-content-wrapper\"><p>[vc_row wrap_container=&#8221;yes&#8221; css=&#8221;.vc_custom_1720161741365{padding-top: 80px !important;padding-bottom: 80px !important;background-color: #ffffff !important;}&#8221; conditional_render=&#8221;%5B%7B%22value_role%22%3A%22administrator%22%7D%5D&#8221;][vc_column conditional_render=&#8221;%5B%7B%22value_role%22%3A%22administrator%22%7D%5D&#8221;][vc_row_inner][vc_column_inner width=&#8221;1\/4&#8243;][vc_single_image image=&#8221;8321&#8243; img_size=&#8221;215&#215;219&#8243; alignment=&#8221;center&#8221; css=&#8221;&#8221; animation_delay=&#8221;&#8221; animation_type=&#8221;fadeIn&#8221;][vc_column_text css=&#8221;.vc_custom_1750747156264{margin-top: -10px !important;}&#8221;]<\/p>\n<h5 style=\"text-align: center; margin-bottom: 0px; color: #298bcb;\">Prof. Dr. B\u00fclent KILI\u00c7<\/h5>\n<p style=\"text-align: center;\">Kongre Ba\u015fkan\u0131<\/p>\n<p>[\/vc_column_text][\/vc_column_inner][vc_column_inner width=&#8221;3\/4&#8243;][vc_column_text css=&#8221;&#8221;]<strong style=\"color: #298bcb; font-size: 16px;\">De\u011ferli Meslekta\u015flar\u0131m\u0131z, Sevgili Kat\u0131l\u0131mc\u0131lar,<\/strong><\/p>\n<p style=\"text-align: justify;\">Halk sa\u011fl\u0131\u011f\u0131 alan\u0131nda \u00fclkemizin en k\u00f6kl\u00fc ve kapsaml\u0131 bilimsel bulu\u015fmalar\u0131ndan biri olan Halk Sa\u011fl\u0131\u011f\u0131 Kongresini, bu y\u0131l <em><strong style=\"color: #298bcb;\">\u201cDiren\u00e7li Sistemler, Sa\u011fl\u0131kl\u0131 Toplum\u201d<\/strong><\/em> ana temas\u0131yla ger\u00e7ekle\u015ftirmekten b\u00fcy\u00fck onur ve heyecan duyuyoruz. K\u00fcresel sa\u011fl\u0131k krizlerinin, \u00e7evresel tehditlerin, salg\u0131nlar\u0131n ve sosyal e\u015fitsizliklerin giderek artt\u0131\u011f\u0131 bir d\u00f6nemde, halk sa\u011fl\u0131\u011f\u0131n\u0131n temel ilkeleri bize her zamankinden daha fazla yol g\u00f6steriyor ve halk sa\u011fl\u0131\u011f\u0131 uygulamalar\u0131n\u0131n \u00f6nemi giderek daha iyi anla\u015f\u0131l\u0131yor. Halk sa\u011fl\u0131\u011f\u0131n\u0131n toplumcu yakla\u015f\u0131m, koruyucu hekimlik, sa\u011fl\u0131k sistemine b\u00fct\u00fcnsel bak\u0131\u015f, b\u00f6lge sa\u011fl\u0131k y\u00f6netimi gibi bak\u0131\u015f a\u00e7\u0131lar\u0131n\u0131 da dikkate alarak bu y\u0131lki kongremizde sa\u011fl\u0131kl\u0131 bir toplum in\u015fa etmenin yollar\u0131n\u0131, sa\u011fl\u0131k sistemimizin direncini art\u0131rmay\u0131 ve toplumsal dayan\u0131kl\u0131l\u0131\u011f\u0131 g\u00fc\u00e7lendirecek stratejileri birlikte tart\u0131\u015faca\u011f\u0131z.<\/p>\n<p style=\"text-align: justify;\">\u0130klim krizi, salg\u0131nlar ve depremler gibi acil halk sa\u011fl\u0131\u011f\u0131 olaylar\u0131 kar\u015f\u0131s\u0131nda, toplumlar\u0131n ve sa\u011fl\u0131k sistemlerinin dayan\u0131kl\u0131l\u0131\u011f\u0131 art\u0131k ya\u015famsal bir \u00f6neme sahip. COVID-19 pandemisiyle birlikte \u00f6\u011frendi\u011fimiz en \u00f6nemli derslerden biri; bir \u00fclkenin sa\u011fl\u0131k sisteminin krizlere yaln\u0131zca tepki vermek de\u011fil, \u00f6nceden de \u00e7ok haz\u0131rl\u0131kl\u0131 olmas\u0131 gerekti\u011fi, sistemin her d\u00fczeyde esneklik ve s\u00fcreklilik dolay\u0131s\u0131yla diren\u00e7lilik g\u00f6sterebilmesidir. Bu nedenle kongremizde kriz zamanlar\u0131nda sa\u011fl\u0131k sisteminin rol\u00fc, bilimsel ve toplumcu sa\u011fl\u0131k y\u00f6netimi ve dayan\u0131kl\u0131 toplumsal yap\u0131lar\u0131n in\u015fas\u0131 gibi konular derinlemesine ele al\u0131nacakt\u0131r. Ayr\u0131ca g\u00fcn\u00fcm\u00fcz\u00fcn h\u0131zla de\u011fi\u015fen d\u00fcnyas\u0131nda halk sa\u011fl\u0131\u011f\u0131 alan\u0131ndaki dijitalle\u015fme, yapay zek\u00e2 uygulamalar\u0131 ve hassas t\u0131p uygulamalar\u0131 da ba\u015fta olmak \u00fczere t\u00fcm bilimsel ilerlemelere a\u00e7\u0131k bir kongre ya\u015famay\u0131 planl\u0131yoruz.<\/p>\n<p style=\"text-align: justify;\">Koruyucu sa\u011fl\u0131k hizmetlerinin vazge\u00e7ilmez \u00f6ncelikleri aras\u0131nda yer alan ba\u011f\u0131\u015f\u0131klama, g\u00fcn\u00fcm\u00fczde halk sa\u011fl\u0131\u011f\u0131n\u0131n en g\u00fcncel m\u00fccadele alanlar\u0131ndan birisi olmaya devam etmektedir. Sadece \u00fclkemizde de\u011fil t\u00fcm d\u00fcnyada a\u015f\u0131 teredd\u00fcd\u00fc, yaln\u0131zca bireyin de\u011fil toplumun ba\u011f\u0131\u015f\u0131kl\u0131\u011f\u0131n\u0131 da tehdit eden bir sorun olarak kar\u015f\u0131m\u0131zda dururken; bilimsel bilgiye dayal\u0131 ileti\u015fim stratejileriyle bu teredd\u00fcd\u00fc azaltmak, sa\u011fl\u0131k \u00e7al\u0131\u015fanlar\u0131n\u0131n ve politika yap\u0131c\u0131lar\u0131n ortak sorumlulu\u011fudur. Kongremizde, ba\u011f\u0131\u015f\u0131klama hizmetlerinin g\u00fc\u00e7lendirilmesine y\u00f6nelik yeni yakla\u015f\u0131mlar, yeni geli\u015ftirilen a\u015f\u0131larla ilgili \u00e7al\u0131\u015fmalar, risk ileti\u015fimi y\u00f6ntemleri ve saha deneyimleri geni\u015f bir perspektifle ele al\u0131nacakt\u0131r. Benzer \u015fekilde, t\u00fct\u00fcn ba\u011f\u0131ml\u0131l\u0131\u011f\u0131 da \u00f6nlenebilir hastal\u0131klar ve \u00f6l\u00fcmlerin ba\u015fl\u0131ca nedenlerinden biri olmaya devam etmektedir. Kongremiz, t\u00fct\u00fcn kontrol politikalar\u0131 ve savunuculuk faaliyetleri gibi ba\u015fl\u0131klarda g\u00fcncel bilimsel verileri ve etkili uygulamalar\u0131 tart\u0131\u015fmaya a\u00e7acakt\u0131r.<\/p>\n<p><strong style=\"color: #298bcb; font-size: 16px;\">De\u011ferli Halk Sa\u011fl\u0131\u011f\u0131 Uzmanlar\u0131,<\/strong><\/p>\n<p style=\"text-align: justify;\">Kongremizin her y\u0131l giderek geli\u015fen bir yap\u0131da olmas\u0131, gen\u00e7 uzmanlar\u0131n say\u0131s\u0131n\u0131n artmas\u0131, sahadan gelen ba\u015far\u0131l\u0131 uygulama \u00f6rnekleri umutlar\u0131m\u0131z\u0131n da artmas\u0131na yol a\u00e7\u0131yor. Bu y\u0131lki kongremizin a\u00e7\u0131l\u0131\u015f\u0131nda \u00fclkemizde halk sa\u011fl\u0131\u011f\u0131n\u0131n kurulu\u015funu konu alan bir belgeselin de ilk g\u00f6sterimini yapaca\u011f\u0131z. Kongremizin \u00fclkemizde ilk halk sa\u011fl\u0131\u011f\u0131 uzmanl\u0131k e\u011fitiminin ba\u015flad\u0131\u011f\u0131 1958 y\u0131l\u0131ndan sonra sonra yakla\u015f\u0131k 70 y\u0131ll\u0131k bir halk sa\u011fl\u0131\u011f\u0131 tarihinin \u00f6yk\u00fcs\u00fcn\u00fc ta\u00e7land\u0131ran bir kongre olmas\u0131n\u0131 diliyoruz. Ayr\u0131ca kongremizde HASUDER Y\u00f6netim, Denetim ve Disiplin Kurullar\u0131n\u0131n (2 y\u0131ll\u0131k d\u00f6nem i\u00e7in) ve Halk Sa\u011fl\u0131\u011f\u0131 Yeterlik Kurulunun (4 y\u0131ll\u0131k d\u00f6nem i\u00e7in) se\u00e7imleri gibi \u00e7ok \u00f6nemli Kurul toplant\u0131lar\u0131m\u0131z olacakt\u0131r. T\u00fcm \u00fcyelerimizi kongremize ve Genel Kurullara kat\u0131larak sahip olduklar\u0131 se\u00e7me ve se\u00e7ilme hakk\u0131n\u0131 kullanmaya \u00e7a\u011f\u0131r\u0131yoruz.<\/p>\n<p style=\"text-align: justify;\">Kongremiz, yaln\u0131zca bir bilimsel etkinlik de\u011fil; ayn\u0131 zamanda dayan\u0131\u015fman\u0131n, ortak akl\u0131n ve umut dolu bir gelece\u011fin de ifadesidir. Bilimsel payla\u015f\u0131mlar\u0131n, deneyim aktar\u0131mlar\u0131n\u0131n ve birlikte \u00fcretmenin g\u00fcc\u00fcyle daha sa\u011fl\u0131kl\u0131 bir gelece\u011fe katk\u0131 sunaca\u011f\u0131m\u0131za inan\u0131yoruz. Sizleri en i\u00e7ten duygular\u0131m\u0131zla bu s\u00fcrece ortak olmaya ve fikirlerinizle, \u00e7al\u0131\u015fmalar\u0131n\u0131zla ve varl\u0131\u011f\u0131n\u0131zla katk\u0131da bulunmaya \u00e7a\u011f\u0131r\u0131yoruz. Halk sa\u011fl\u0131\u011f\u0131na emek ve g\u00f6n\u00fcl veren herkesi <strong style=\"color: #298bcb;\">10-13 Aral\u0131k 2025<\/strong> tarihleri aras\u0131nda Antalya\u2019da d\u00fczenleyece\u011fimiz <strong style=\"color: #298bcb;\">9. Uluslararas\u0131 ve 27. Ulusal Halk Sa\u011fl\u0131\u011f\u0131 Kongresi<\/strong>\u2019ne davet ediyoruz. Kongremizin konferanslar, paneller, bildiri sunumlar\u0131, grup \u00e7al\u0131\u015fmalar\u0131 ve \u00e7e\u015fitli kurslardan olu\u015fan zengin bilimsel ortam\u0131nda birlikte olmak, sorunlar\u0131 ve \u00e7\u00f6z\u00fcm \u00f6nerilerini tart\u0131\u015fmak, \u00e7al\u0131\u015fmalar\u0131m\u0131z\u0131 ve deneyimlerimizi payla\u015fmak i\u00e7in yan yana olabilmek ve y\u00fcz y\u00fcze g\u00f6r\u00fc\u015febilmek dile\u011fiyle sayg\u0131lar\u0131m\u0131z\u0131 sunuyoruz.<\/p>\n<p style=\"text-align: justify;\">Daha diren\u00e7li sistemler ve daha sa\u011fl\u0131kl\u0131 bir toplum birlikte m\u00fcmk\u00fcn!<\/p>\n<p style=\"text-align: justify;\">Sayg\u0131lar\u0131mla,<\/p>\n<p><strong>Prof. Dr. B\u00fclent KILI\u00c7<\/strong><br \/>\n<strong>Kongre Ba\u015fkan\u0131<\/strong>[\/vc_column_text][\/vc_column_inner][\/vc_row_inner][\/vc_column][\/vc_row][vc_row css=&#8221;.vc_custom_1687512154628{margin-top: 0px !important;padding-top: 0px !important;background-color: #e5e5e5 !important;}&#8221; conditional_render=&#8221;%5B%7B%22value_role%22%3A%22administrator%22%7D%5D&#8221;][vc_column offset=&#8221;vc_hidden-xl vc_hidden-lg vc_hidden-md vc_hidden-sm&#8221; conditional_render=&#8221;%5B%7B%22value_role%22%3A%22administrator%22%7D%5D&#8221;][vc_column_text css=&#8221;&#8221;]<div class=\"porto-block\" data-id=\"8134\"><style>.vc_custom_1687512154628{margin-top: 0px !important;padding-top: 0px !important;background-color: #e5e5e5 !important;}.vc_custom_1720165871439{padding-bottom: 5px !important;}<\/style><p>[vc_row css=\".vc_custom_1687512154628{margin-top: 0px !important;padding-top: 0px !important;background-color: #e5e5e5 !important;}\" conditional_render=\"%5B%7B%22value_role%22%3A%22administrator%22%7D%5D\"][vc_column offset=\"vc_hidden-xl vc_hidden-lg vc_hidden-md vc_hidden-sm\" conditional_render=\"%5B%7B%22value_role%22%3A%22administrator%22%7D%5D\"][vc_row_inner css=\".vc_custom_1720165871439{padding-bottom: 5px !important;}\"][vc_column_inner width=\"1\/3\" offset=\"vc_col-xs-4\"][vc_single_image image=\"8082\" img_size=\"full\" alignment=\"center\" css=\"\" label=\"\"][\/vc_column_inner][vc_column_inner width=\"1\/3\" offset=\"vc_col-xs-4\"][vc_single_image image=\"8081\" img_size=\"150x36\" alignment=\"center\" css=\"\" label=\"\"][\/vc_column_inner][vc_column_inner width=\"1\/3\" offset=\"vc_col-xs-4\"][vc_single_image image=\"2481\" img_size=\"36x25\" alignment=\"center\" css=\"\" label=\"\"][\/vc_column_inner][\/vc_row_inner][\/vc_column][\/vc_row]<\/p>\r\n<\/div>[\/vc_column_text][\/vc_column][\/vc_row]<\/p>\n<\/div>","protected":false},"excerpt":{"rendered":"<p>[vc_row wrap_container=&#8221;yes&#8221; css=&#8221;.vc_custom_1720161741365{padding-top: 80px !important;padding-bottom: 80px !important;background-color: #ffffff !important;}&#8221; conditional_render=&#8221;%5B%7B%22value_role%22%3A%22administrator%22%7D%5D&#8221;][vc_column conditional_render=&#8221;%5B%7B%22value_role%22%3A%22administrator%22%7D%5D&#8221;][vc_row_inner][vc_column_inner width=&#8221;1\/4&#8243;][vc_single_image image=&#8221;8321&#8243; img_size=&#8221;215&#215;219&#8243; alignment=&#8221;center&#8221; css=&#8221;&#8221; animation_delay=&#8221;&#8221; animation_type=&#8221;fadeIn&#8221;][vc_column_text css=&#8221;.vc_custom_1750747156264{margin-top: -10px !important;}&#8221;] Prof. Dr. B\u00fclent KILI\u00c7 Kongre Ba\u015fkan\u0131 [\/vc_column_text][\/vc_column_inner][vc_column_inner width=&#8221;3\/4&#8243;][vc_column_text css=&#8221;&#8221;]De\u011ferli Meslekta\u015flar\u0131m\u0131z, Sevgili Kat\u0131l\u0131mc\u0131lar, Halk sa\u011fl\u0131\u011f\u0131 alan\u0131nda \u00fclkemizin en k\u00f6kl\u00fc ve kapsaml\u0131 bilimsel bulu\u015fmalar\u0131ndan biri olan Halk Sa\u011fl\u0131\u011f\u0131 Kongresini, bu y\u0131l \u201cDiren\u00e7li Sistemler, Sa\u011fl\u0131kl\u0131 Toplum\u201d ana [&hellip;]<\/p>\n","protected":false},"author":1,"featured_media":0,"parent":0,"menu_order":0,"comment_status":"closed","ping_status":"closed","template":"","meta":{"footnotes":""},"class_list":["post-5782","page","type-page","status-publish","hentry"],"yoast_head":"<!-- This site is optimized with the Yoast SEO plugin v25.3 - https:\/\/yoast.com\/wordpress\/plugins\/seo\/ -->\n<title>Davet - 9. Uluslararas\u0131 ve 27. Ulusal Halk Sa\u011fl\u0131\u011f\u0131 Kongresi<\/title>\n<meta name=\"robots\" content=\"index, follow, max-snippet:-1, max-image-preview:large, max-video-preview:-1\" \/>\n<link rel=\"canonical\" href=\"https:\/\/uhsk.org\/2025\/davet\/\" \/>\n<meta name=\"twitter:card\" content=\"summary_large_image\" \/>\n<meta name=\"twitter:title\" content=\"Davet - 9. Uluslararas\u0131 ve 27. Ulusal Halk Sa\u011fl\u0131\u011f\u0131 Kongresi\" \/>\n<meta name=\"twitter:description\" content=\"[vc_row wrap_container=&#8221;yes&#8221; css=&#8221;.vc_custom_1720161741365{padding-top: 80px !important;padding-bottom: 80px !important;background-color: #ffffff !important;}&#8221; conditional_render=&#8221;%5B%7B%22value_role%22%3A%22administrator%22%7D%5D&#8221;][vc_column conditional_render=&#8221;%5B%7B%22value_role%22%3A%22administrator%22%7D%5D&#8221;][vc_row_inner][vc_column_inner width=&#8221;1\/4&#8243;][vc_single_image image=&#8221;8321&#8243; img_size=&#8221;215&#215;219&#8243; alignment=&#8221;center&#8221; css=&#8221;&#8221; animation_delay=&#8221;&#8221; animation_type=&#8221;fadeIn&#8221;][vc_column_text css=&#8221;.vc_custom_1750747156264{margin-top: -10px !important;}&#8221;] Prof. Dr. B\u00fclent KILI\u00c7 Kongre Ba\u015fkan\u0131 [\/vc_column_text][\/vc_column_inner][vc_column_inner width=&#8221;3\/4&#8243;][vc_column_text css=&#8221;&#8221;]De\u011ferli Meslekta\u015flar\u0131m\u0131z, Sevgili Kat\u0131l\u0131mc\u0131lar, Halk sa\u011fl\u0131\u011f\u0131 alan\u0131nda \u00fclkemizin en k\u00f6kl\u00fc ve kapsaml\u0131 bilimsel bulu\u015fmalar\u0131ndan biri olan Halk Sa\u011fl\u0131\u011f\u0131 Kongresini, bu y\u0131l \u201cDiren\u00e7li Sistemler, Sa\u011fl\u0131kl\u0131 Toplum\u201d ana [&hellip;]\" \/>\n<meta name=\"twitter:label1\" content=\"Tahmini okuma s\u00fcresi\" \/>\n\t<meta name=\"twitter:data1\" content=\"4 dakika\" \/>\n<script type=\"application\/ld+json\" class=\"yoast-schema-graph\">{\"@context\":\"https:\/\/schema.org\",\"@graph\":[{\"@type\":\"WebPage\",\"@id\":\"https:\/\/uhsk.org\/2025\/davet\/\",\"url\":\"https:\/\/uhsk.org\/2025\/davet\/\",\"name\":\"Davet - 9. Uluslararas\u0131 ve 27. Ulusal Halk Sa\u011fl\u0131\u011f\u0131 Kongresi\",\"isPartOf\":{\"@id\":\"https:\/\/uhsk.org\/2025\/#website\"},\"datePublished\":\"2023-06-19T17:59:39+00:00\",\"dateModified\":\"2025-07-01T07:52:16+00:00\",\"breadcrumb\":{\"@id\":\"https:\/\/uhsk.org\/2025\/davet\/#breadcrumb\"},\"inLanguage\":\"tr\",\"potentialAction\":[{\"@type\":\"ReadAction\",\"target\":[\"https:\/\/uhsk.org\/2025\/davet\/\"]}]},{\"@type\":\"BreadcrumbList\",\"@id\":\"https:\/\/uhsk.org\/2025\/davet\/#breadcrumb\",\"itemListElement\":[{\"@type\":\"ListItem\",\"position\":1,\"name\":\"Anasayfa\",\"item\":\"https:\/\/uhsk.org\/2025\/\"},{\"@type\":\"ListItem\",\"position\":2,\"name\":\"Davet\"}]},{\"@type\":\"WebSite\",\"@id\":\"https:\/\/uhsk.org\/2025\/#website\",\"url\":\"https:\/\/uhsk.org\/2025\/\",\"name\":\"8. Uluslararas\u0131 ve 26. Ulusal Halk Sa\u011fl\u0131\u011f\u0131 Kongresi\",\"description\":\"\",\"publisher\":{\"@id\":\"https:\/\/uhsk.org\/2025\/#organization\"},\"potentialAction\":[{\"@type\":\"SearchAction\",\"target\":{\"@type\":\"EntryPoint\",\"urlTemplate\":\"https:\/\/uhsk.org\/2025\/?s={search_term_string}\"},\"query-input\":{\"@type\":\"PropertyValueSpecification\",\"valueRequired\":true,\"valueName\":\"search_term_string\"}}],\"inLanguage\":\"tr\"},{\"@type\":\"Organization\",\"@id\":\"https:\/\/uhsk.org\/2025\/#organization\",\"name\":\"8. Uluslararas\u0131 ve 26. Ulusal Halk Sa\u011fl\u0131\u011f\u0131 Kongresi\",\"url\":\"https:\/\/uhsk.org\/2025\/\",\"logo\":{\"@type\":\"ImageObject\",\"inLanguage\":\"tr\",\"@id\":\"https:\/\/uhsk.org\/2025\/#\/schema\/logo\/image\/\",\"url\":\"http:\/\/uhsk.org\/2025\/wp-content\/uploads\/2024\/07\/non-profil.png\",\"contentUrl\":\"http:\/\/uhsk.org\/2025\/wp-content\/uploads\/2024\/07\/non-profil.png\",\"width\":125,\"height\":164,\"caption\":\"8. Uluslararas\u0131 ve 26. Ulusal Halk Sa\u011fl\u0131\u011f\u0131 Kongresi\"},\"image\":{\"@id\":\"https:\/\/uhsk.org\/2025\/#\/schema\/logo\/image\/\"}}]}<\/script>\n<!-- \/ Yoast SEO plugin. -->","yoast_head_json":{"title":"Davet - 9. Uluslararas\u0131 ve 27. Ulusal Halk Sa\u011fl\u0131\u011f\u0131 Kongresi","robots":{"index":"index","follow":"follow","max-snippet":"max-snippet:-1","max-image-preview":"max-image-preview:large","max-video-preview":"max-video-preview:-1"},"canonical":"https:\/\/uhsk.org\/2025\/davet\/","twitter_card":"summary_large_image","twitter_title":"Davet - 9. Uluslararas\u0131 ve 27. Ulusal Halk Sa\u011fl\u0131\u011f\u0131 Kongresi","twitter_description":"[vc_row wrap_container=&#8221;yes&#8221; css=&#8221;.vc_custom_1720161741365{padding-top: 80px !important;padding-bottom: 80px !important;background-color: #ffffff !important;}&#8221; conditional_render=&#8221;%5B%7B%22value_role%22%3A%22administrator%22%7D%5D&#8221;][vc_column conditional_render=&#8221;%5B%7B%22value_role%22%3A%22administrator%22%7D%5D&#8221;][vc_row_inner][vc_column_inner width=&#8221;1\/4&#8243;][vc_single_image image=&#8221;8321&#8243; img_size=&#8221;215&#215;219&#8243; alignment=&#8221;center&#8221; css=&#8221;&#8221; animation_delay=&#8221;&#8221; animation_type=&#8221;fadeIn&#8221;][vc_column_text css=&#8221;.vc_custom_1750747156264{margin-top: -10px !important;}&#8221;] Prof. Dr. B\u00fclent KILI\u00c7 Kongre Ba\u015fkan\u0131 [\/vc_column_text][\/vc_column_inner][vc_column_inner width=&#8221;3\/4&#8243;][vc_column_text css=&#8221;&#8221;]De\u011ferli Meslekta\u015flar\u0131m\u0131z, Sevgili Kat\u0131l\u0131mc\u0131lar, Halk sa\u011fl\u0131\u011f\u0131 alan\u0131nda \u00fclkemizin en k\u00f6kl\u00fc ve kapsaml\u0131 bilimsel bulu\u015fmalar\u0131ndan biri olan Halk Sa\u011fl\u0131\u011f\u0131 Kongresini, bu y\u0131l \u201cDiren\u00e7li Sistemler, Sa\u011fl\u0131kl\u0131 Toplum\u201d ana [&hellip;]","twitter_misc":{"Tahmini okuma s\u00fcresi":"4 dakika"},"schema":{"@context":"https:\/\/schema.org","@graph":[{"@type":"WebPage","@id":"https:\/\/uhsk.org\/2025\/davet\/","url":"https:\/\/uhsk.org\/2025\/davet\/","name":"Davet - 9. Uluslararas\u0131 ve 27. Ulusal Halk Sa\u011fl\u0131\u011f\u0131 Kongresi","isPartOf":{"@id":"https:\/\/uhsk.org\/2025\/#website"},"datePublished":"2023-06-19T17:59:39+00:00","dateModified":"2025-07-01T07:52:16+00:00","breadcrumb":{"@id":"https:\/\/uhsk.org\/2025\/davet\/#breadcrumb"},"inLanguage":"tr","potentialAction":[{"@type":"ReadAction","target":["https:\/\/uhsk.org\/2025\/davet\/"]}]},{"@type":"BreadcrumbList","@id":"https:\/\/uhsk.org\/2025\/davet\/#breadcrumb","itemListElement":[{"@type":"ListItem","position":1,"name":"Anasayfa","item":"https:\/\/uhsk.org\/2025\/"},{"@type":"ListItem","position":2,"name":"Davet"}]},{"@type":"WebSite","@id":"https:\/\/uhsk.org\/2025\/#website","url":"https:\/\/uhsk.org\/2025\/","name":"8. Uluslararas\u0131 ve 26. Ulusal Halk Sa\u011fl\u0131\u011f\u0131 Kongresi","description":"","publisher":{"@id":"https:\/\/uhsk.org\/2025\/#organization"},"potentialAction":[{"@type":"SearchAction","target":{"@type":"EntryPoint","urlTemplate":"https:\/\/uhsk.org\/2025\/?s={search_term_string}"},"query-input":{"@type":"PropertyValueSpecification","valueRequired":true,"valueName":"search_term_string"}}],"inLanguage":"tr"},{"@type":"Organization","@id":"https:\/\/uhsk.org\/2025\/#organization","name":"8. Uluslararas\u0131 ve 26. Ulusal Halk Sa\u011fl\u0131\u011f\u0131 Kongresi","url":"https:\/\/uhsk.org\/2025\/","logo":{"@type":"ImageObject","inLanguage":"tr","@id":"https:\/\/uhsk.org\/2025\/#\/schema\/logo\/image\/","url":"http:\/\/uhsk.org\/2025\/wp-content\/uploads\/2024\/07\/non-profil.png","contentUrl":"http:\/\/uhsk.org\/2025\/wp-content\/uploads\/2024\/07\/non-profil.png","width":125,"height":164,"caption":"8. Uluslararas\u0131 ve 26. Ulusal Halk Sa\u011fl\u0131\u011f\u0131 Kongresi"},"image":{"@id":"https:\/\/uhsk.org\/2025\/#\/schema\/logo\/image\/"}}]}},"_links":{"self":[{"href":"https:\/\/uhsk.org\/2025\/wp-json\/wp\/v2\/pages\/5782","targetHints":{"allow":["GET"]}}],"collection":[{"href":"https:\/\/uhsk.org\/2025\/wp-json\/wp\/v2\/pages"}],"about":[{"href":"https:\/\/uhsk.org\/2025\/wp-json\/wp\/v2\/types\/page"}],"author":[{"embeddable":true,"href":"https:\/\/uhsk.org\/2025\/wp-json\/wp\/v2\/users\/1"}],"replies":[{"embeddable":true,"href":"https:\/\/uhsk.org\/2025\/wp-json\/wp\/v2\/comments?post=5782"}],"version-history":[{"count":28,"href":"https:\/\/uhsk.org\/2025\/wp-json\/wp\/v2\/pages\/5782\/revisions"}],"predecessor-version":[{"id":8351,"href":"https:\/\/uhsk.org\/2025\/wp-json\/wp\/v2\/pages\/5782\/revisions\/8351"}],"wp:attachment":[{"href":"https:\/\/uhsk.org\/2025\/wp-json\/wp\/v2\/media?parent=5782"}],"curies":[{"name":"wp","href":"https:\/\/api.w.org\/{rel}","templated":true}]}}