{"id":5695,"date":"2023-06-19T13:07:41","date_gmt":"2023-06-19T13:07:41","guid":{"rendered":"https:\/\/uhsk.org\/2025\/?page_id=5695"},"modified":"2025-06-20T13:04:40","modified_gmt":"2025-06-20T13:04:40","slug":"kongre-konulari","status":"publish","type":"page","link":"https:\/\/uhsk.org\/2025\/kongre-konulari\/","title":{"rendered":"Kongre Konular\u0131"},"content":{"rendered":"<div class=\"wpb-content-wrapper\"><p>[vc_row css=&#8221;.vc_custom_1687180681003{margin-top: 50px !important;}&#8221; conditional_render=&#8221;%5B%7B%22value_role%22%3A%22administrator%22%7D%5D&#8221;][vc_column offset=&#8221;vc_hidden-xs&#8221; conditional_render=&#8221;%5B%7B%22value_role%22%3A%22administrator%22%7D%5D&#8221;][vc_row_inner][vc_column_inner width=&#8221;1\/6&#8243;][\/vc_column_inner][vc_column_inner width=&#8221;2\/6&#8243;][vc_column_text css=&#8221;&#8221;]<\/p>\n<ul class=\"list list-icons list-icons-style-3 list-primary\">\n<li><i class=\"fa fa-check\"><\/i> Acil Durumlar ve Afetler<\/li>\n<li><i class=\"fa fa-check\"><\/i> A\u011f\u0131z ve Di\u015f Sa\u011fl\u0131\u011f\u0131<\/li>\n<li><i class=\"fa fa-check\"><\/i> Ba\u011f\u0131ml\u0131l\u0131k Yap\u0131c\u0131 Maddelerin Kontrol\u00fc (T\u00fct\u00fcn, Alkol vb.)<\/li>\n<li><i class=\"fa fa-check\"><\/i> Bula\u015f\u0131c\u0131 Hastal\u0131klar ve Ba\u011f\u0131\u015f\u0131klama<\/li>\n<li><i class=\"fa fa-check\"><\/i> Bula\u015f\u0131c\u0131 Olmayan Hastal\u0131klar ve Yeti Yitimi<\/li>\n<li><i class=\"fa fa-check\"><\/i> \u00c7evre Sa\u011fl\u0131\u011f\u0131<\/li>\n<li><i class=\"fa fa-check\"><\/i> \u00c7ocuk ve Adolesan Sa\u011fl\u0131\u011f\u0131<\/li>\n<li><i class=\"fa fa-check\"><\/i> Demografi ve Sa\u011fl\u0131k<\/li>\n<li><i class=\"fa fa-check\"><\/i> Dezavantajl\u0131 Gruplar<\/li>\n<li><i class=\"fa fa-check\"><\/i> Dijital Sa\u011fl\u0131k<\/li>\n<li><i class=\"fa fa-check\"><\/i> Epidemiyoloji<\/li>\n<li><i class=\"fa fa-check\"><\/i> Ergonomi<\/li>\n<li><i class=\"fa fa-check\"><\/i> G\u00f6\u00e7 ve Halk Sa\u011fl\u0131\u011f\u0131<\/li>\n<li><i class=\"fa fa-check\"><\/i> \u0130klim Krizi<\/li>\n<li><i class=\"fa fa-check\"><\/i> \u0130\u015f Sa\u011fl\u0131\u011f\u0131 ve G\u00fcvenli\u011fi<\/li>\n<li><i class=\"fa fa-check\"><\/i>Kazalar ve Yaralanmalar<\/li>\n<li><i class=\"fa fa-check\"><\/i> Mezuniyet \u00d6ncesi Halk Sa\u011fl\u0131\u011f\u0131 E\u011fitimi<\/li>\n<li><i class=\"fa fa-check\"><\/i> Mezuniyet Sonras\u0131 Halk Sa\u011fl\u0131\u011f\u0131 E\u011fitimi<\/li>\n<\/ul>\n<p>[\/vc_column_text][\/vc_column_inner][vc_column_inner width=&#8221;2\/6&#8243;][vc_column_text css=&#8221;&#8221;]<\/p>\n<ul class=\"list list-icons list-icons-style-3 list-primary\">\n<li><i class=\"fa fa-check\"><\/i> Okul Sa\u011fl\u0131\u011f\u0131<\/li>\n<li><i class=\"fa fa-check\"><\/i> Sa\u011fl\u0131k Antropolojisi ve Sosyolojisi<\/li>\n<li><i class=\"fa fa-check\"><\/i> Sa\u011fl\u0131k E\u011fitimi ve Sa\u011fl\u0131k \u0130leti\u015fimi<\/li>\n<li><i class=\"fa fa-check\"><\/i> Sa\u011fl\u0131k \u0130nsang\u00fcc\u00fc<\/li>\n<li><i class=\"fa fa-check\"><\/i> Sa\u011fl\u0131k Politikalar\u0131, Sa\u011fl\u0131k Sistemleri ve Sa\u011fl\u0131k Ekonomisi<\/li>\n<li><i class=\"fa fa-check\"><\/i> Sa\u011fl\u0131k Y\u00f6netimi ve Sa\u011fl\u0131k Hizmetleri<\/li>\n<li><i class=\"fa fa-check\"><\/i> Sa\u011fl\u0131kl\u0131 Kentler<\/li>\n<li><i class=\"fa fa-check\"><\/i> Sa\u011fl\u0131kl\u0131 Ya\u015fam ve Sa\u011fl\u0131\u011f\u0131n Geli\u015ftirilmesi<\/li>\n<li><i class=\"fa fa-check\"><\/i> Sava\u015f ve Halk Sa\u011fl\u0131\u011f\u0131<\/li>\n<li><i class=\"fa fa-check\"><\/i> \u015eiddet ve Halk Sa\u011fl\u0131\u011f\u0131<\/li>\n<li><i class=\"fa fa-check\"><\/i> Toplum Beslenmesi<\/li>\n<li><i class=\"fa fa-check\"><\/i> Toplum Ruh Sa\u011fl\u0131\u011f\u0131<\/li>\n<li><i class=\"fa fa-check\"><\/i> Turist Sa\u011fl\u0131\u011f\u0131<\/li>\n<li><i class=\"fa fa-check\"><\/i> Uluslararas\u0131 Sa\u011fl\u0131k<\/li>\n<li><i class=\"fa fa-check\"><\/i> \u00dcreme Sa\u011fl\u0131\u011f\u0131 ve Kad\u0131n Sa\u011fl\u0131\u011f\u0131<\/li>\n<li><i class=\"fa fa-check\"><\/i> Ya\u015fam Kalitesi<\/li>\n<li><i class=\"fa fa-check\"><\/i> Ya\u015fl\u0131 Sa\u011fl\u0131\u011f\u0131<\/li>\n<li><i class=\"fa fa-check\"><\/i> Halk Sa\u011fl\u0131\u011f\u0131n\u0131n Di\u011fer Konular\u0131\n<\/li>\n<\/ul>\n<p>[\/vc_column_text][\/vc_column_inner][vc_column_inner width=&#8221;1\/6&#8243;][\/vc_column_inner][\/vc_row_inner][\/vc_column][\/vc_row][vc_row css=&#8221;.vc_custom_1687180681003{margin-top: 50px !important;}&#8221; conditional_render=&#8221;%5B%7B%22value_role%22%3A%22administrator%22%7D%5D&#8221;][vc_column offset=&#8221;vc_hidden-xl vc_hidden-lg vc_hidden-md vc_hidden-sm&#8221; conditional_render=&#8221;%5B%7B%22value_role%22%3A%22administrator%22%7D%5D&#8221;][vc_row_inner][vc_column_inner width=&#8221;1\/6&#8243;][\/vc_column_inner][vc_column_inner width=&#8221;4\/6&#8243;][vc_column_text css=&#8221;&#8221;]<\/p>\n<ul class=\"list list-icons list-icons-style-3 list-primary\">\n<li><i class=\"fa fa-check\"><\/i> Acil Durumlar ve Afetler<\/li>\n<li><i class=\"fa fa-check\"><\/i> A\u011f\u0131z ve Di\u015f Sa\u011fl\u0131\u011f\u0131<\/li>\n<li><i class=\"fa fa-check\"><\/i> Ba\u011f\u0131ml\u0131l\u0131k Yap\u0131c\u0131 Maddelerin Kontrol\u00fc (T\u00fct\u00fcn, Alkol vb.)<\/li>\n<li><i class=\"fa fa-check\"><\/i> Bula\u015f\u0131c\u0131 Hastal\u0131klar ve Ba\u011f\u0131\u015f\u0131klama<\/li>\n<li><i class=\"fa fa-check\"><\/i> Bula\u015f\u0131c\u0131 Olmayan Hastal\u0131klar ve Yeti Yitimi<\/li>\n<li><i class=\"fa fa-check\"><\/i> \u00c7evre Sa\u011fl\u0131\u011f\u0131<\/li>\n<li><i class=\"fa fa-check\"><\/i> \u00c7ocuk ve Adolesan Sa\u011fl\u0131\u011f\u0131<\/li>\n<li><i class=\"fa fa-check\"><\/i> Demografi ve Sa\u011fl\u0131k<\/li>\n<li><i class=\"fa fa-check\"><\/i> Dezavantajl\u0131 Gruplar<\/li>\n<li><i class=\"fa fa-check\"><\/i> Dijital Sa\u011fl\u0131k<\/li>\n<li><i class=\"fa fa-check\"><\/i> Epidemiyoloji<\/li>\n<li><i class=\"fa fa-check\"><\/i> Ergonomi<\/li>\n<li><i class=\"fa fa-check\"><\/i> G\u00f6\u00e7 ve Halk Sa\u011fl\u0131\u011f\u0131<\/li>\n<li><i class=\"fa fa-check\"><\/i> \u0130klim Krizi<\/li>\n<li><i class=\"fa fa-check\"><\/i> \u0130\u015f Sa\u011fl\u0131\u011f\u0131 ve G\u00fcvenli\u011fi<\/li>\n<li><i class=\"fa fa-check\"><\/i> Kazalar ve Yaralanmalar<\/li>\n<li><i class=\"fa fa-check\"><\/i> Mezuniyet \u00d6ncesi Halk Sa\u011fl\u0131\u011f\u0131 E\u011fitimi<\/li>\n<li><i class=\"fa fa-check\"><\/i> Mezuniyet Sonras\u0131 Halk Sa\u011fl\u0131\u011f\u0131 E\u011fitimi<\/li>\n<li><i class=\"fa fa-check\"><\/i> Okul Sa\u011fl\u0131\u011f\u0131<\/li>\n<li><i class=\"fa fa-check\"><\/i> Sa\u011fl\u0131k Antropolojisi ve Sosyolojisi<\/li>\n<li><i class=\"fa fa-check\"><\/i> Sa\u011fl\u0131k E\u011fitimi ve Sa\u011fl\u0131k \u0130leti\u015fimi<\/li>\n<li><i class=\"fa fa-check\"><\/i> Sa\u011fl\u0131k \u0130nsang\u00fcc\u00fc<\/li>\n<li><i class=\"fa fa-check\"><\/i> Sa\u011fl\u0131k Politikalar\u0131, Sa\u011fl\u0131k Sistemleri ve Sa\u011fl\u0131k Ekonomisi<\/li>\n<li><i class=\"fa fa-check\"><\/i> Sa\u011fl\u0131k Y\u00f6netimi ve Sa\u011fl\u0131k Hizmetleri<\/li>\n<li><i class=\"fa fa-check\"><\/i> Sa\u011fl\u0131kl\u0131 Kentler<\/li>\n<li><i class=\"fa fa-check\"><\/i> Sa\u011fl\u0131kl\u0131 Ya\u015fam ve Sa\u011fl\u0131\u011f\u0131n Geli\u015ftirilmesi<\/li>\n<li><i class=\"fa fa-check\"><\/i> Sava\u015f ve Halk Sa\u011fl\u0131\u011f\u0131<\/li>\n<li><i class=\"fa fa-check\"><\/i> \u015eiddet ve Halk Sa\u011fl\u0131\u011f\u0131<\/li>\n<li><i class=\"fa fa-check\"><\/i> Toplum Beslenmesi<\/li>\n<li><i class=\"fa fa-check\"><\/i> Toplum Ruh Sa\u011fl\u0131\u011f\u0131<\/li>\n<li><i class=\"fa fa-check\"><\/i> Turist Sa\u011fl\u0131\u011f\u0131<\/li>\n<li><i class=\"fa fa-check\"><\/i> Uluslararas\u0131 Sa\u011fl\u0131k<\/li>\n<li><i class=\"fa fa-check\"><\/i> \u00dcreme Sa\u011fl\u0131\u011f\u0131 ve Kad\u0131n Sa\u011fl\u0131\u011f\u0131<\/li>\n<li><i class=\"fa fa-check\"><\/i> Ya\u015fam Kalitesi<\/li>\n<li><i class=\"fa fa-check\"><\/i> Ya\u015fl\u0131 Sa\u011fl\u0131\u011f\u0131<\/li>\n<li><i class=\"fa fa-check\"><\/i> Yerel Y\u00f6netimler ve Halk Sa\u011fl\u0131\u011f\u0131<\/li>\n<li><i class=\"fa fa-check\"><\/i> Halk Sa\u011fl\u0131\u011f\u0131n\u0131n Di\u011fer Konular\u0131<\/li>\n<\/ul>\n<p>[\/vc_column_text][\/vc_column_inner][vc_column_inner width=&#8221;1\/6&#8243;][\/vc_column_inner][\/vc_row_inner][\/vc_column][\/vc_row][vc_row css=&#8221;.vc_custom_1687512154628{margin-top: 0px !important;padding-top: 0px !important;background-color: #e5e5e5 !important;}&#8221; conditional_render=&#8221;%5B%7B%22value_role%22%3A%22administrator%22%7D%5D&#8221;][vc_column offset=&#8221;vc_hidden-xl vc_hidden-lg vc_hidden-md vc_hidden-sm&#8221; conditional_render=&#8221;%5B%7B%22value_role%22%3A%22administrator%22%7D%5D&#8221;][vc_column_text css=&#8221;&#8221;]<div class=\"porto-block\" data-id=\"8134\"><style>.vc_custom_1687512154628{margin-top: 0px !important;padding-top: 0px !important;background-color: #e5e5e5 !important;}.vc_custom_1720165871439{padding-bottom: 5px !important;}<\/style><p>[vc_row css=\".vc_custom_1687512154628{margin-top: 0px !important;padding-top: 0px !important;background-color: #e5e5e5 !important;}\" conditional_render=\"%5B%7B%22value_role%22%3A%22administrator%22%7D%5D\"][vc_column offset=\"vc_hidden-xl vc_hidden-lg vc_hidden-md vc_hidden-sm\" conditional_render=\"%5B%7B%22value_role%22%3A%22administrator%22%7D%5D\"][vc_row_inner css=\".vc_custom_1720165871439{padding-bottom: 5px !important;}\"][vc_column_inner width=\"1\/3\" offset=\"vc_col-xs-4\"][vc_single_image image=\"8082\" img_size=\"full\" alignment=\"center\" css=\"\" label=\"\"][\/vc_column_inner][vc_column_inner width=\"1\/3\" offset=\"vc_col-xs-4\"][vc_single_image image=\"8081\" img_size=\"150x36\" alignment=\"center\" css=\"\" label=\"\"][\/vc_column_inner][vc_column_inner width=\"1\/3\" offset=\"vc_col-xs-4\"][vc_single_image image=\"2481\" img_size=\"36x25\" alignment=\"center\" css=\"\" label=\"\"][\/vc_column_inner][\/vc_row_inner][\/vc_column][\/vc_row]<\/p>\r\n<\/div>[\/vc_column_text][\/vc_column][\/vc_row]<\/p>\n<\/div>","protected":false},"excerpt":{"rendered":"<p>[vc_row css=&#8221;.vc_custom_1687180681003{margin-top: 50px !important;}&#8221; conditional_render=&#8221;%5B%7B%22value_role%22%3A%22administrator%22%7D%5D&#8221;][vc_column offset=&#8221;vc_hidden-xs&#8221; conditional_render=&#8221;%5B%7B%22value_role%22%3A%22administrator%22%7D%5D&#8221;][vc_row_inner][vc_column_inner width=&#8221;1\/6&#8243;][\/vc_column_inner][vc_column_inner width=&#8221;2\/6&#8243;][vc_column_text css=&#8221;&#8221;] Acil Durumlar ve Afetler A\u011f\u0131z ve Di\u015f Sa\u011fl\u0131\u011f\u0131 Ba\u011f\u0131ml\u0131l\u0131k Yap\u0131c\u0131 Maddelerin Kontrol\u00fc (T\u00fct\u00fcn, Alkol vb.) Bula\u015f\u0131c\u0131 Hastal\u0131klar ve Ba\u011f\u0131\u015f\u0131klama Bula\u015f\u0131c\u0131 Olmayan Hastal\u0131klar ve Yeti Yitimi \u00c7evre Sa\u011fl\u0131\u011f\u0131 \u00c7ocuk ve Adolesan Sa\u011fl\u0131\u011f\u0131 Demografi ve Sa\u011fl\u0131k Dezavantajl\u0131 Gruplar Dijital Sa\u011fl\u0131k Epidemiyoloji Ergonomi G\u00f6\u00e7 ve Halk Sa\u011fl\u0131\u011f\u0131 \u0130klim [&hellip;]<\/p>\n","protected":false},"author":1,"featured_media":0,"parent":0,"menu_order":0,"comment_status":"closed","ping_status":"closed","template":"","meta":{"footnotes":""},"class_list":["post-5695","page","type-page","status-publish","hentry"],"yoast_head":"<!-- This site is optimized with the Yoast SEO plugin v25.3 - https:\/\/yoast.com\/wordpress\/plugins\/seo\/ -->\n<title>Kongre Konular\u0131 - 9. Uluslararas\u0131 ve 27. Ulusal Halk Sa\u011fl\u0131\u011f\u0131 Kongresi<\/title>\n<meta name=\"robots\" content=\"index, follow, max-snippet:-1, max-image-preview:large, max-video-preview:-1\" \/>\n<link rel=\"canonical\" href=\"https:\/\/uhsk.org\/2025\/kongre-konulari\/\" \/>\n<meta name=\"twitter:card\" content=\"summary_large_image\" \/>\n<meta name=\"twitter:title\" content=\"Kongre Konular\u0131 - 9. Uluslararas\u0131 ve 27. Ulusal Halk Sa\u011fl\u0131\u011f\u0131 Kongresi\" \/>\n<meta name=\"twitter:description\" content=\"[vc_row css=&#8221;.vc_custom_1687180681003{margin-top: 50px !important;}&#8221; conditional_render=&#8221;%5B%7B%22value_role%22%3A%22administrator%22%7D%5D&#8221;][vc_column offset=&#8221;vc_hidden-xs&#8221; conditional_render=&#8221;%5B%7B%22value_role%22%3A%22administrator%22%7D%5D&#8221;][vc_row_inner][vc_column_inner width=&#8221;1\/6&#8243;][\/vc_column_inner][vc_column_inner width=&#8221;2\/6&#8243;][vc_column_text css=&#8221;&#8221;] Acil Durumlar ve Afetler A\u011f\u0131z ve Di\u015f Sa\u011fl\u0131\u011f\u0131 Ba\u011f\u0131ml\u0131l\u0131k Yap\u0131c\u0131 Maddelerin Kontrol\u00fc (T\u00fct\u00fcn, Alkol vb.) Bula\u015f\u0131c\u0131 Hastal\u0131klar ve Ba\u011f\u0131\u015f\u0131klama Bula\u015f\u0131c\u0131 Olmayan Hastal\u0131klar ve Yeti Yitimi \u00c7evre Sa\u011fl\u0131\u011f\u0131 \u00c7ocuk ve Adolesan Sa\u011fl\u0131\u011f\u0131 Demografi ve Sa\u011fl\u0131k Dezavantajl\u0131 Gruplar Dijital Sa\u011fl\u0131k Epidemiyoloji Ergonomi G\u00f6\u00e7 ve Halk Sa\u011fl\u0131\u011f\u0131 \u0130klim [&hellip;]\" \/>\n<meta name=\"twitter:label1\" content=\"Tahmini okuma s\u00fcresi\" \/>\n\t<meta name=\"twitter:data1\" content=\"2 dakika\" \/>\n<script type=\"application\/ld+json\" class=\"yoast-schema-graph\">{\"@context\":\"https:\/\/schema.org\",\"@graph\":[{\"@type\":\"WebPage\",\"@id\":\"https:\/\/uhsk.org\/2025\/kongre-konulari\/\",\"url\":\"https:\/\/uhsk.org\/2025\/kongre-konulari\/\",\"name\":\"Kongre Konular\u0131 - 9. Uluslararas\u0131 ve 27. Ulusal Halk Sa\u011fl\u0131\u011f\u0131 Kongresi\",\"isPartOf\":{\"@id\":\"https:\/\/uhsk.org\/2025\/#website\"},\"datePublished\":\"2023-06-19T13:07:41+00:00\",\"dateModified\":\"2025-06-20T13:04:40+00:00\",\"breadcrumb\":{\"@id\":\"https:\/\/uhsk.org\/2025\/kongre-konulari\/#breadcrumb\"},\"inLanguage\":\"tr\",\"potentialAction\":[{\"@type\":\"ReadAction\",\"target\":[\"https:\/\/uhsk.org\/2025\/kongre-konulari\/\"]}]},{\"@type\":\"BreadcrumbList\",\"@id\":\"https:\/\/uhsk.org\/2025\/kongre-konulari\/#breadcrumb\",\"itemListElement\":[{\"@type\":\"ListItem\",\"position\":1,\"name\":\"Anasayfa\",\"item\":\"https:\/\/uhsk.org\/2025\/\"},{\"@type\":\"ListItem\",\"position\":2,\"name\":\"Kongre Konular\u0131\"}]},{\"@type\":\"WebSite\",\"@id\":\"https:\/\/uhsk.org\/2025\/#website\",\"url\":\"https:\/\/uhsk.org\/2025\/\",\"name\":\"8. Uluslararas\u0131 ve 26. Ulusal Halk Sa\u011fl\u0131\u011f\u0131 Kongresi\",\"description\":\"\",\"publisher\":{\"@id\":\"https:\/\/uhsk.org\/2025\/#organization\"},\"potentialAction\":[{\"@type\":\"SearchAction\",\"target\":{\"@type\":\"EntryPoint\",\"urlTemplate\":\"https:\/\/uhsk.org\/2025\/?s={search_term_string}\"},\"query-input\":{\"@type\":\"PropertyValueSpecification\",\"valueRequired\":true,\"valueName\":\"search_term_string\"}}],\"inLanguage\":\"tr\"},{\"@type\":\"Organization\",\"@id\":\"https:\/\/uhsk.org\/2025\/#organization\",\"name\":\"8. Uluslararas\u0131 ve 26. Ulusal Halk Sa\u011fl\u0131\u011f\u0131 Kongresi\",\"url\":\"https:\/\/uhsk.org\/2025\/\",\"logo\":{\"@type\":\"ImageObject\",\"inLanguage\":\"tr\",\"@id\":\"https:\/\/uhsk.org\/2025\/#\/schema\/logo\/image\/\",\"url\":\"http:\/\/uhsk.org\/2025\/wp-content\/uploads\/2024\/07\/non-profil.png\",\"contentUrl\":\"http:\/\/uhsk.org\/2025\/wp-content\/uploads\/2024\/07\/non-profil.png\",\"width\":125,\"height\":164,\"caption\":\"8. Uluslararas\u0131 ve 26. Ulusal Halk Sa\u011fl\u0131\u011f\u0131 Kongresi\"},\"image\":{\"@id\":\"https:\/\/uhsk.org\/2025\/#\/schema\/logo\/image\/\"}}]}<\/script>\n<!-- \/ Yoast SEO plugin. -->","yoast_head_json":{"title":"Kongre Konular\u0131 - 9. Uluslararas\u0131 ve 27. Ulusal Halk Sa\u011fl\u0131\u011f\u0131 Kongresi","robots":{"index":"index","follow":"follow","max-snippet":"max-snippet:-1","max-image-preview":"max-image-preview:large","max-video-preview":"max-video-preview:-1"},"canonical":"https:\/\/uhsk.org\/2025\/kongre-konulari\/","twitter_card":"summary_large_image","twitter_title":"Kongre Konular\u0131 - 9. Uluslararas\u0131 ve 27. Ulusal Halk Sa\u011fl\u0131\u011f\u0131 Kongresi","twitter_description":"[vc_row css=&#8221;.vc_custom_1687180681003{margin-top: 50px !important;}&#8221; conditional_render=&#8221;%5B%7B%22value_role%22%3A%22administrator%22%7D%5D&#8221;][vc_column offset=&#8221;vc_hidden-xs&#8221; conditional_render=&#8221;%5B%7B%22value_role%22%3A%22administrator%22%7D%5D&#8221;][vc_row_inner][vc_column_inner width=&#8221;1\/6&#8243;][\/vc_column_inner][vc_column_inner width=&#8221;2\/6&#8243;][vc_column_text css=&#8221;&#8221;] Acil Durumlar ve Afetler A\u011f\u0131z ve Di\u015f Sa\u011fl\u0131\u011f\u0131 Ba\u011f\u0131ml\u0131l\u0131k Yap\u0131c\u0131 Maddelerin Kontrol\u00fc (T\u00fct\u00fcn, Alkol vb.) Bula\u015f\u0131c\u0131 Hastal\u0131klar ve Ba\u011f\u0131\u015f\u0131klama Bula\u015f\u0131c\u0131 Olmayan Hastal\u0131klar ve Yeti Yitimi \u00c7evre Sa\u011fl\u0131\u011f\u0131 \u00c7ocuk ve Adolesan Sa\u011fl\u0131\u011f\u0131 Demografi ve Sa\u011fl\u0131k Dezavantajl\u0131 Gruplar Dijital Sa\u011fl\u0131k Epidemiyoloji Ergonomi G\u00f6\u00e7 ve Halk Sa\u011fl\u0131\u011f\u0131 \u0130klim [&hellip;]","twitter_misc":{"Tahmini okuma s\u00fcresi":"2 dakika"},"schema":{"@context":"https:\/\/schema.org","@graph":[{"@type":"WebPage","@id":"https:\/\/uhsk.org\/2025\/kongre-konulari\/","url":"https:\/\/uhsk.org\/2025\/kongre-konulari\/","name":"Kongre Konular\u0131 - 9. Uluslararas\u0131 ve 27. Ulusal Halk Sa\u011fl\u0131\u011f\u0131 Kongresi","isPartOf":{"@id":"https:\/\/uhsk.org\/2025\/#website"},"datePublished":"2023-06-19T13:07:41+00:00","dateModified":"2025-06-20T13:04:40+00:00","breadcrumb":{"@id":"https:\/\/uhsk.org\/2025\/kongre-konulari\/#breadcrumb"},"inLanguage":"tr","potentialAction":[{"@type":"ReadAction","target":["https:\/\/uhsk.org\/2025\/kongre-konulari\/"]}]},{"@type":"BreadcrumbList","@id":"https:\/\/uhsk.org\/2025\/kongre-konulari\/#breadcrumb","itemListElement":[{"@type":"ListItem","position":1,"name":"Anasayfa","item":"https:\/\/uhsk.org\/2025\/"},{"@type":"ListItem","position":2,"name":"Kongre Konular\u0131"}]},{"@type":"WebSite","@id":"https:\/\/uhsk.org\/2025\/#website","url":"https:\/\/uhsk.org\/2025\/","name":"8. Uluslararas\u0131 ve 26. Ulusal Halk Sa\u011fl\u0131\u011f\u0131 Kongresi","description":"","publisher":{"@id":"https:\/\/uhsk.org\/2025\/#organization"},"potentialAction":[{"@type":"SearchAction","target":{"@type":"EntryPoint","urlTemplate":"https:\/\/uhsk.org\/2025\/?s={search_term_string}"},"query-input":{"@type":"PropertyValueSpecification","valueRequired":true,"valueName":"search_term_string"}}],"inLanguage":"tr"},{"@type":"Organization","@id":"https:\/\/uhsk.org\/2025\/#organization","name":"8. Uluslararas\u0131 ve 26. Ulusal Halk Sa\u011fl\u0131\u011f\u0131 Kongresi","url":"https:\/\/uhsk.org\/2025\/","logo":{"@type":"ImageObject","inLanguage":"tr","@id":"https:\/\/uhsk.org\/2025\/#\/schema\/logo\/image\/","url":"http:\/\/uhsk.org\/2025\/wp-content\/uploads\/2024\/07\/non-profil.png","contentUrl":"http:\/\/uhsk.org\/2025\/wp-content\/uploads\/2024\/07\/non-profil.png","width":125,"height":164,"caption":"8. Uluslararas\u0131 ve 26. Ulusal Halk Sa\u011fl\u0131\u011f\u0131 Kongresi"},"image":{"@id":"https:\/\/uhsk.org\/2025\/#\/schema\/logo\/image\/"}}]}},"_links":{"self":[{"href":"https:\/\/uhsk.org\/2025\/wp-json\/wp\/v2\/pages\/5695","targetHints":{"allow":["GET"]}}],"collection":[{"href":"https:\/\/uhsk.org\/2025\/wp-json\/wp\/v2\/pages"}],"about":[{"href":"https:\/\/uhsk.org\/2025\/wp-json\/wp\/v2\/types\/page"}],"author":[{"embeddable":true,"href":"https:\/\/uhsk.org\/2025\/wp-json\/wp\/v2\/users\/1"}],"replies":[{"embeddable":true,"href":"https:\/\/uhsk.org\/2025\/wp-json\/wp\/v2\/comments?post=5695"}],"version-history":[{"count":17,"href":"https:\/\/uhsk.org\/2025\/wp-json\/wp\/v2\/pages\/5695\/revisions"}],"predecessor-version":[{"id":8254,"href":"https:\/\/uhsk.org\/2025\/wp-json\/wp\/v2\/pages\/5695\/revisions\/8254"}],"wp:attachment":[{"href":"https:\/\/uhsk.org\/2025\/wp-json\/wp\/v2\/media?parent=5695"}],"curies":[{"name":"wp","href":"https:\/\/api.w.org\/{rel}","templated":true}]}}