{"id":3508,"date":"2021-10-12T16:10:27","date_gmt":"2021-10-12T16:10:27","guid":{"rendered":"https:\/\/uhsk.org\/2022\/?page_id=3508"},"modified":"2022-08-11T13:32:07","modified_gmt":"2022-08-11T13:32:07","slug":"kurs-geri-bildirimi","status":"publish","type":"page","link":"https:\/\/uhsk.org\/2022\/kurs-geri-bildirimi\/","title":{"rendered":"Kurs Geri Bildirimi"},"content":{"rendered":"<p>[vc_row wrap_container=&#8221;yes&#8221; css=&#8221;.vc_custom_1653659355576{margin-bottom: 20px !important;padding-top: 0px !important;padding-bottom: 0px !important;background-image: url(http:\/\/uhsk.org\/2022\/wp-content\/uploads\/2022\/05\/bant_header.png?id=4481) !important;}&#8221;][vc_column][vc_custom_heading text=&#8221;KURS GER\u0130 B\u0130LD\u0130R\u0130M FORMU&#8221; font_container=&#8221;tag:h3|font_size:25|text_align:left|color:%23ffffff&#8221; google_fonts=&#8221;font_family:Montserrat%3Aregular%2C700|font_style:700%20bold%20regular%3A700%3Anormal&#8221; text_transform=&#8221;text-uppercase&#8221; css=&#8221;.vc_custom_1634127396133{margin-top: 9px !important;margin-bottom: 9px !important;margin-left: 30px !important;}&#8221;][\/vc_column][\/vc_row][vc_row css=&#8221;.vc_custom_1633700792150{margin-bottom: 20px !important;padding-top: 10px !important;}&#8221;][vc_column width=&#8221;1\/6&#8243;][\/vc_column][vc_column width=&#8221;2\/3&#8243;][vc_btn title=&#8221;Kat\u0131ld\u0131\u011f\u0131n\u0131z kursu de\u011ferlendirmek i\u00e7in l\u00fctfen t\u0131klay\u0131n\u0131z.&#8221; style=&#8221;flat&#8221; color=&#8221;peacoc&#8221; size=&#8221;lg&#8221; align=&#8221;center&#8221; i_icon_fontawesome=&#8221;fas fa-chart-line&#8221; button_block=&#8221;true&#8221; add_icon=&#8221;true&#8221; link=&#8221;url:https%3A%2F%2Fforms.gle%2FXzmHsENBcWYQ9QP89|title:Kursumuzu%20de%C4%9Ferlendirmek%20i%C3%A7in%20l%C3%BCtfen%20t%C4%B1klay%C4%B1n%C4%B1z.|target:_blank&#8221;][\/vc_column][vc_column width=&#8221;1\/6&#8243;][\/vc_column][\/vc_row]<\/p>\n","protected":false},"excerpt":{"rendered":"<p>[vc_row wrap_container=&#8221;yes&#8221; css=&#8221;.vc_custom_1653659355576{margin-bottom: 20px !important;padding-top: 0px !important;padding-bottom: 0px !important;background-image: url(http:\/\/uhsk.org\/2022\/wp-content\/uploads\/2022\/05\/bant_header.png?id=4481) !important;}&#8221;][vc_column][vc_custom_heading text=&#8221;KURS GER\u0130 B\u0130LD\u0130R\u0130M FORMU&#8221; font_container=&#8221;tag:h3|font_size:25|text_align:left|color:%23ffffff&#8221; google_fonts=&#8221;font_family:Montserrat%3Aregular%2C700|font_style:700%20bold%20regular%3A700%3Anormal&#8221; text_transform=&#8221;text-uppercase&#8221; css=&#8221;.vc_custom_1634127396133{margin-top: 9px !important;margin-bottom: 9px !important;margin-left: 30px !important;}&#8221;][\/vc_column][\/vc_row][vc_row css=&#8221;.vc_custom_1633700792150{margin-bottom: 20px !important;padding-top: 10px !important;}&#8221;][vc_column width=&#8221;1\/6&#8243;][\/vc_column][vc_column width=&#8221;2\/3&#8243;][vc_btn title=&#8221;Kat\u0131ld\u0131\u011f\u0131n\u0131z kursu de\u011ferlendirmek i\u00e7in l\u00fctfen t\u0131klay\u0131n\u0131z.&#8221; style=&#8221;flat&#8221; color=&#8221;peacoc&#8221; size=&#8221;lg&#8221; align=&#8221;center&#8221; i_icon_fontawesome=&#8221;fas fa-chart-line&#8221; button_block=&#8221;true&#8221; add_icon=&#8221;true&#8221; link=&#8221;url:https%3A%2F%2Fforms.gle%2FXzmHsENBcWYQ9QP89|title:Kursumuzu%20de%C4%9Ferlendirmek%20i%C3%A7in%20l%C3%BCtfen%20t%C4%B1klay%C4%B1n%C4%B1z.|target:_blank&#8221;][\/vc_column][vc_column width=&#8221;1\/6&#8243;][\/vc_column][\/vc_row]<\/p>\n","protected":false},"author":1,"featured_media":0,"parent":0,"menu_order":0,"comment_status":"closed","ping_status":"closed","template":"","meta":{"footnotes":""},"class_list":["post-3508","page","type-page","status-publish","hentry"],"_links":{"self":[{"href":"https:\/\/uhsk.org\/2022\/wp-json\/wp\/v2\/pages\/3508","targetHints":{"allow":["GET"]}}],"collection":[{"href":"https:\/\/uhsk.org\/2022\/wp-json\/wp\/v2\/pages"}],"about":[{"href":"https:\/\/uhsk.org\/2022\/wp-json\/wp\/v2\/types\/page"}],"author":[{"embeddable":true,"href":"https:\/\/uhsk.org\/2022\/wp-json\/wp\/v2\/users\/1"}],"replies":[{"embeddable":true,"href":"https:\/\/uhsk.org\/2022\/wp-json\/wp\/v2\/comments?post=3508"}],"version-history":[{"count":15,"href":"https:\/\/uhsk.org\/2022\/wp-json\/wp\/v2\/pages\/3508\/revisions"}],"predecessor-version":[{"id":5032,"href":"https:\/\/uhsk.org\/2022\/wp-json\/wp\/v2\/pages\/3508\/revisions\/5032"}],"wp:attachment":[{"href":"https:\/\/uhsk.org\/2022\/wp-json\/wp\/v2\/media?parent=3508"}],"curies":[{"name":"wp","href":"https:\/\/api.w.org\/{rel}","templated":true}]}}